z be (10/(-15))/(4/(-306)). Let y(u) = -u**3 + 10*u**2 - 8*u + 22. Let t be y(10). Let m = z + t. Let v(a) = a**2 + 6*a - 2. Give v(m).
5
Let i(t) = -7*t - 1. Suppose 4*p - 3*q = 13, 3*p - 5 - 9 = -2*q. Suppose -z + 5 = -5*g, z = -p*g + 5*z - 4. Calculate i(g).
6
Suppose -18*s - 902 = -956. Let v(d) = d**3 - d**2 - 8*d + 16. Give v(s).
10
Let o(y) = 15*y + 199. Suppose 16*i = -g + 20*i - 9, 0 = -5*i - 5. Give o(g).
4
Let v(l) be the third derivative of -l**5/60 - l**4/12 + l**3/2 - 7*l**2. Let a = 7197 - 7194. Calculate v(a).
-12
Let k(v) = -3*v**3 + 21*v**2 + 10*v - 69. Let x be k(7). Let c(h) = 69*h**2 + 2*h + 5. Let y(w) = -35*w**2 - w - 3. Let t(n) = 3*c(n) + 5*y(n). Determine t(x).
33
Let p(k) = 9*k**2 + 6*k + 26. Let y(s) = -47*s + 14 - 59*s + 4*s**2 + 109*s. Let r(u) = 6*p(u) - 11*y(u). What is r(-1)?
9
Let f(u) = u + 0 + 2 + 0. Let d = 63 + -61. Let c be (1/d)/(8/(-16)). Determine f(c).
1
Let l(j) = -17*j. Let y = 161 - 162. Let c be y/(4/8) - -3. Determine l(c).
-17
Let o(m) = -387*m + 1542. Let j be o(4). Let z(u) = 6*u**3 + 5*u**2 - 3*u + 4. Let q(h) = -5*h**3 - 5*h**2 + 3*h - 4. Let g(n) = -5*q(n) - 4*z(n). Give g(j).
-14
Suppose 26*z = z. Suppose 7*v + 7*v - 6*v = z. Let t(a) = a**2 - 10. Give t(v).
-10
Let s(b) = -b**3 - 7*b**2 - 3*b + 16. Let q be (2/1)/(((9/(-3))/(-3))/(-3)). Calculate s(q).
-2
Let i = -968 + 972. Let c(n) = n**3 - n**2 - n. Let o(b) = -3*b**3 + 7*b**2 - 4*b + 3. Let r(s) = 2*c(s) + o(s). Determine r(i).
-5
Let j(l) be the second derivative of -l**5/20 + 13*l**4/12 - 3*l**3/2 - 17*l**2 - 10*l. Let a be j(12). Let i(d) = d**3 + 4*d**2 - 3*d. What is i(a)?
18
Let a(k) = 21*k + 200. Let l(o) = 59*o + 564. Let y(g) = -8*a(g) + 3*l(g). Give y(-10).
2
Let t = -3083 + 3084. Let y(z) = -21*z**2 - 4*z + 3. Give y(t).
-22
Let a(r) = -r - 6. Let i = 25 - 0. Suppose 5*d - 160 = i*d. Determine a(d).
2
Suppose -4*t + 300 = 4*p, -104*t - 12 = -108*t. Let v(i) = 6*i - 426. Give v(p).
6
Let x be 7 + 1/((2 + -6)/8). Let f(o) = -7 - 29*o**2 - 8*o - 13 - 31*o**2 + 61*o**2 - x*o. Calculate f(14).
-6
Let r = -2270 + 2278. Let b(s) = s**3 - s**2 - 58*s + 18. Give b(r).
2
Let u(q) be the second derivative of -q**2 - 19 - 3*q + 1/6*q**4 + 1/6*q**3. Give u(-3).
13
Suppose -2*x + 5*v + 2 - 6 = 0, -4*v = -8. Let f(s) = -s + 31 - 11 - 5 - 10 - x. What is f(8)?
-6
Let k(d) be the first derivative of -5/3*d**3 - 4*d + 1/4*d**4 + 2*d**2 - 22. Give k(4).
-4
Let x(s) = s**2 - 4*s + 1. Suppose 0 = -4*z - 2*a - 9 + 23, -4*z + 2*a + 2 = 0. Suppose z*b - 16 = -2*b. Let v be x(b). Let w(y) = -26*y**2 - 1. What is w(v)?
-27
Let o be (-8)/12*(-23)/((-920)/(-300)). Let f(y) be the third derivative of 0 - 10*y**2 + 0*y - 3/20*y**6 + 0*y**o + 1/6*y**3 + 1/24*y**4. Give f(-1).
18
Let d = -240 - -244. Suppose -11*i = d*i + 15. Let g(v) = -26*v**3. Give g(i).
26
Suppose -5*h - 8 = -3*p - 28, p = 0. Suppose 11*k + 26 = 13*k - h*c, 3*c = 5*k - 30. Let w(l) = 3*l - 7. Give w(k).
2
Let g(t) = -205*t + 113*t - 17*t**2 + 2*t**3 + 13*t**2 - 3*t**3 + 93*t - 4. Let w = 6 - 10. What is g(w)?
-8
Let n(h) = -h**3 - 3*h**2 + 5*h - 1. Let q(x) = -x**3 + 9*x**2 - 24*x + 14. Let v be q(5). Calculate n(v).
77
Let y(j) be the third derivative of -j**7/1260 + 21*j**5/20 - 21*j**2 - 1. Let a(b) be the third derivative of y(b). Determine a(-4).
16
Let g(p) = p**2 - 15*p + 16. Let h be g(14). Suppose -h*b + 3*n - 4*n = -26, n = 3*b - 34. Suppose 52*y - b = 49*y. Let k(u) = u - 5. Calculate k(y).
-1
Let u(h) = -3*h**2 + h + 35. Let o be u(3). Let q(n) = -n**3 + 9*n**2 + 23*n + 25. Give q(o).
36
Let z(d) = d**3 + 7*d**2 + 6*d - 2. Let q(l) = -27*l - 54. Let y be q(-2). Suppose 3*o + 1045 - 1030 = y. Calculate z(o).
18
Let m(t) = -412 + 253 - 53*t + 271 + 38*t. Calculate m(6).
22
Let a be (-98)/(-84)*(44/(-6) - 8/(-6)). Let n(r) be the first derivative of 1/2*r**2 - 2 + 10*r. Determine n(a).
3
Let x(d) = -d**2 - 26*d - 29. Let u be x(-24). Let i(w) = 15*w + 6 - 3 - u*w - w**2 + 8*w. Let l be 5 - (-2 - 0)/1. Calculate i(l).
-18
Let q(j) = j**2 + j + 4. Let u(z) be the third derivative of z**5/60 + z**4/8 - 14*z**3/3 - 5*z**2 + 2*z. Let p be u(-7). Determine q(p).
4
Suppose 2*y + j - 1 - 3 = 0, 0 = 5*y - 5*j + 5. Let s(c) = 8*c**3 - 1 - 111*c + 3 - c**2 - y + 110*c. Calculate s(1).
7
Let i(u) = -3*u - 6. Let a be i(5). Let l(x) = -20*x - 47 + 19*x + x**2 + 23*x + 72. Let v be l(a). Let c(m) = -m**2 + 3*m - 5. Determine c(v).
-9
Let m(n) = 2*n**3 + 10*n**2 - 13*n - 6. Suppose -4*r = -3*h - 2*h + 29, 0 = -4*r - 4*h - 20. Let c be m(r). Let s(y) = y**3 - 32. What is s(c)?
-32
Suppose 100*k = 26*k + 1332. Let j(t) = -9*t + 162. Give j(k).
0
Let k(d) = -2 - 16833*d - 2 + 0 + 16835*d + 0. Suppose -2*n + 15 = c + 2*n, 4*c - 5*n + 45 = 0. Give k(c).
-14
Let l = 13935 - 13929. Let k(r) = 2*r**2 - 8*r + 5. Determine k(l).
29
Let z be -25*((-7)/(-28))/((-10)/8). Suppose 0 = 2*q + 5*r + 21 - 3, 2*r = z*q + 16. Let g(k) = 3*k**2 + 4*k - 3. Give g(q).
29
Let s(c) = -2*c. Let x be s(-1). Let i be (12 - 23) + 4 + 9. Let w(j) = 5 + 8*j**2 - 11*j**i - 9*j + 4*j**x. Calculate w(8).
-3
Let j(u) = 36*u - 145. Let t be j(4). Let z(q) = -3 + 10 + 2*q + 5*q - 6. Determine z(t).
-6
Suppose 0*p + 3*p - 3 = 0. Let v(r) = 194382*r - 388770*r - 1 + 194380*r. Calculate v(p).
-9
Let s(k) = 2*k**2 - 34*k + 53. Let d be s(23). Let j = d - 335. Let u(c) = 5*c + 32. Determine u(j).
2
Suppose 0 = 4*y + 4*y - 24. Let c(k) = 30198*k + 2*k**2 - 60406*k - 3 + 30200*k. What is c(y)?
-9
Let u(v) = v**2 + 4*v + 13. Let j(g) = 1. Let s(k) = -6*j(k) + u(k). Let a be (10/(-2) + 4)*3. Determine s(a).
4
Let x(l) = l**2 - 42*l + 188. Suppose 4*h + 1 = -u + 155, -2*h = -5*u - 44. Determine x(h).
3
Suppose 3*z - z = o - 9, 11 = -3*z + 4*o. Let r(y) = -4*y**3 - 2*y - 1. Let b(g) = 15*g**3 - 4*g**2 + 13*g + 11. Let k(i) = b(i) + 4*r(i). Calculate k(z).
7
Let y(c) = 3*c - 14. Let b(k) = -13 - 9 + 6*k - 4. Let s(l) = -6*b(l) + 11*y(l). Give s(-2).
8
Let o = -77 - -78. Let w(t) = -2 + o - 2*t + 12*t. Let u(q) = -9*q + 1. Let m(v) = -6*u(v) - 5*w(v). What is m(3)?
11
Let t(w) be the first derivative of -w**3/3 + w**2/2 - w - 34. Suppose 0 = -4*x + 2*x - 8. Let b = x + 2. Give t(b).
-7
Let f(y) = -9565*y + 0 - 3*y**2 + 1 + 0*y**2 + 2*y**2 + 9594*y. Give f(30).
-29
Let n(w) = -w - w + w + 5*w**3 - 111*w**2 + 2*w + 113*w**2. Determine n(1).
8
Suppose 3*t = 17 - 14 - 9. Let u = -2 + 3. Let g(n) = -n**2 - n - 1. Let l(m) = 4*m**2 + m + 5. Let p(d) = u*l(d) + 5*g(d). Give p(t).
4
Let q = 36 + -31. Let z(y) = -84*y**2 - 79*y**2 + 288*y**2 + 18 - 126*y**2 + y. What is z(q)?
-2
Let s(u) = -29*u**3 - 3*u**2 + 28*u + 1. Let r(k) = -9*k**3 - k**2 + 9*k. Let i(h) = 16*r(h) - 5*s(h). What is i(2)?
7
Let j(v) be the first derivative of 4*v**3/3 + 4*v**2 + 5*v - 2422. Give j(-2).
5
Let k(v) = -4*v - 1. Let z be k(-1). Let y(o) = 94*o - 21. Let j(m) = 100*m - 22. Let l(p) = 15*j(p) - 16*y(p). Give l(z).
-6
Let k(u) = u**2 - 13*u + 0 + 0 - 3. Let s be k(13). Let h(z) = 5*z - 8455 + 8455. Determine h(s).
-15
Suppose -11 = 5*h - l, -2*h + 913*l - 908*l = 9. Let v(x) = -3*x**2 - x + 3. Let b(i) = -i**2 - i + 1. Let q(f) = 2*b(f) - v(f). Give q(h).
5
Let l(r) = -r**2 - 12*r + 133. Let u be 3/1*((-19944)/3132 + (-4)/(-116)). Calculate l(u).
0
Let w(m) = -3*m**2 - 2*m + 6. Let d = -661 - -664. Determine w(d).
-27
Let i(a) = 20*a**2 + 2*a - 23. Let b(w) = -23*w**2 - w + 26. Let s = -124 - -118. Let y(g) = s*b(g) - 7*i(g). What is y(-7)?
-37
Suppose 5*g - 3*c = 31 - 7, -3*c = -g. Let w(s) = 208*s**2 + 18*s + 5 - 207*s**2 - 26*s. What is w(g)?
-7
Let g(u) be the first derivative of u**2/2 + 27*u + 973. Calculate g(8).
35
Let h(b) = 328 - 4*b**2 - 39*b - 354 - 22*b + 0*b**2. Give h(-15).
-11
Let t(h) = -2*h**2 - h + 1. Let i(u) = -u**2 - u + 2. Let k(j) = -3*j - 37. Let b be k(-13). Let m(s) = b*t(s) - 3*i(s). Suppose 2*r = 3*r. Give m(r).
-4
Let p(y) = 5*y + 70. Let n be p(8). Let a = 109 - n. Let r(q) = 5*q - 3. What is r(a)?
-8
Let s(o) = o**2 + 35*o - 10. Let a(p) = 4*p**2 + 127*p - 40. Let v(d) = -3*a(d) + 11*s(d). Calculate v(7).
-11
Let r(b) = 5*b + 159. Suppose -1280*g - 1590 = -1227*g. Give r(g).
9
Let l(v) = -v**2 - 2*v - 3. Suppose 5*h = 73 + 42. Let m = 23 - h. Suppose -3*n + 2*x - 7 - 10 = m, -22 = 2*n - 4*x. Give l(n).
-6
Let u(v) = -2*v - 21. Let 